 is divided by 40?
37
Let j = 135 - 110. Calculate the remainder when 84 is divided by j.
9
Calculate the remainder when 84 is divided by 6*-1*(2 + (-18)/4).
9
Let g(h) = -2*h**2 - 26*h + 161. What is the remainder when 151 is divided by g(-17)?
1
Suppose 0 = 21*d - 31*d + 660. Calculate the remainder when d is divided by 37.
29
Suppose 15 = -u - 112. Calculate the remainder when 50 is divided by (u/(-60) - 2/(-15))*8.
14
Suppose 4*c = -s + 366, 5*c = 9 + 11. Let m = -228 + s. Calculate the remainder when m is divided by 25.
22
Let x = 16 + -12. Suppose x*q + 2*q - 684 = 0. Suppose -4*l + q = -l. Calculate the remainder when l is divided by 13.
12
Suppose -4*k + 158 = 3*n, 106 = 4*k - 5*n - 68. Calculate the remainder when k is divided by 7.
6
Suppose -4*k - 9 = -l, -5*l + 0*l + 120 = 5*k. Let i = -207 + 292. Let a = i + -44. Calculate the remainder when a is divided by l.
20
Suppose s - 39 = -0*s + 5*j, -j + 23 = 2*s. Suppose -s*m = -9*m - 145. Calculate the remainder when 48 is divided by 2/(-2) + m - 3.
23
Suppose -7*z = -12*z + 400. What is the remainder when z is divided by 3?
2
Suppose 0 = -15299*d + 15311*d - 528. Suppose -3*i + 69 - 16 = -5*g, -4*i - g + 63 = 0. What is the remainder when d is divided by i?
12
Let t(g) = -g**2 - 11*g - 23. Let j be t(-6). Suppose -j*f + 286 = 6*f. What is the remainder when f is divided by 6?
4
Suppose 77 = 4*y + 41. Let v = y + 6. Suppose -2*p + 56 = -n, 3*p - 6*n + n = 77. Calculate the remainder when p is divided by v.
14
Let g = 19 + -3. Let d(j) = 12*j + 12*j + 7*j + 12*j**2 + j**3 - 16 - 24*j. What is the remainder when d(-11) is divided by g?
12
Let u = -229 - -245. Calculate the remainder when 60 is divided by u.
12
Let p(r) = 3*r**2 - 2*r + 3. Suppose 25 = 5*q, -g - 6*q + 2*q + 27 = 0. Suppose -g*o + 8 = -6. Calculate the remainder when p(o) is divided by 4.
3
Let q be -5*(-4 - (1 - 4)). Let t(x) be the second derivative of 5*x**3/3 + 21*x**2/2 - x. Calculate the remainder when t(q) is divided by 19.
14
What is the remainder when (-9 + -20)/(11/(-22)) is divided by 25?
8
Suppose 14*x = -76 + 328. What is the remainder when 39 is divided by x?
3
Suppose 0 = -p + 7*z - 4*z, -3 = -p + 2*z. What is the remainder when -1 + 1*25 - 0 is divided by p?
6
Let n = -160 - -224. Calculate the remainder when n is divided by 55.
9
Let y(g) = g**2 + 5*g - 10. Let j be y(-7). Suppose 2*t - 137 = -c, t - j*c - 58 = -c. Calculate the remainder when t is divided by 35.
32
Suppose -t + 25 = 4*n, 0*t - t + 1 = 0. Suppose 3*p - 2*q = 70, -2*q - 82 = -3*p - 3*q. Calculate the remainder when p is divided by n.
2
Let d = -206 + 220. Let t = 77 - 8. Calculate the remainder when t is divided by d.
13
What is the remainder when 585/27*(-117)/(-15) is divided by 16?
9
Let q(o) = -3*o - 1. Let f be q(-7). What is the remainder when (56/10)/(3/30) is divided by 1/((-12)/f)*-9?
11
Suppose -10*z = -4*z + 180. Calculate the remainder when 47 is divided by (-116)/(-10) + (-12)/z.
11
Suppose 6*h - 124 = 2*h. Let z = 0 - -25. Calculate the remainder when h is divided by 265/z - 4/(-10).
9
Suppose -115 = -5*p - 2*a + 252, 4 = 4*a. What is the remainder when p is divided by 7?
3
Let a be ((-2)/(-4)*-2)/(14/(-462)). Let g = a + -5. What is the remainder when 55 is divided by g?
27
Let k(z) = -z**2 + 16*z + 6. What is the remainder when 6 is divided by k(0)?
0
Suppose 263 + 43 = 3*h. Suppose 0 = -4*u + 2*w + 222, -2*u + w = -3*w - h. Calculate the remainder when u is divided by 29.
28
Suppose 39 = 5*h - 156. Suppose -5*c + h + 56 = 0. Suppose 40 = 3*y + 2*d, -2*d - c = -3*y + 37. What is the remainder when y is divided by 9?
7
Let l(p) = 4*p + 31. Let f = -24 + 30. What is the remainder when l(f) is divided by 8?
7
Let z(v) = v**3 - 3*v**2 - 2*v + 15. What is the remainder when 156 is divided by z(4)?
18
Let g = 472 + -468. Calculate the remainder when 11 is divided by g.
3
Let i(a) = -a**3 + 10*a**2 - 9*a + 5. Calculate the remainder when 44 is divided by i(9).
4
What is the remainder when (-1341)/(-6) + 1/(-2) is divided by 47?
35
Suppose -21*p + 26*p - 15 = -4*y, -y = 5. Let j = 122 + -69. Calculate the remainder when j is divided by p.
4
Let f be 4 + -8 - (-2 - -3). Calculate the remainder when (-726)/55*f*1 is divided by 17.
15
Let x(l) = -5*l - 129. Calculate the remainder when 50 is divided by x(-27).
2
Let f(t) = -4*t**2 + 4. Calculate the remainder when -3*4/42 + 680/28 is divided by f(0).
0
Suppose -19*f + 58 = u - 16*f, 0 = 2*u + f - 96. Suppose 135 = -5*b - 75. Calculate the remainder when u is divided by (-4)/14 + (-1062)/b.
21
Suppose 5*y - y - 2*n - 352 = 0, 0 = y - 2*n - 91. Let r(g) = 14*g + 2. Calculate the remainder when y is divided by r(2).
27
Suppose 6*a - 2606 + 2552 = 0. What is the remainder when 1/(-1*1/(-25)) is divided by a?
7
Let m = 169 + -88. Calculate the remainder when m is divided by 40/(-8) - (2 - 21).
11
Let g = -49 + 79. Suppose 5*h = g + 45. Let a(j) = 2*j**2 + j + 2. What is the remainder when a(5) is divided by h?
12
Calculate the remainder when 42 is divided by 19 + (4 + 16)/(-5).
12
Suppose 13*x - 6*x = 462. Calculate the remainder when x is divided by 21.
3
Let d = -321 + 452. What is the remainder when (d/3 - -3)*24/10 is divided by 38?
36
Let g be 101/(-1 - (-6)/4). Suppose 0 = -3*y + h + g, 0*y + 2*h + 200 = 3*y. Let v = -112 + 135. Calculate the remainder when y is divided by v.
22
Let h(c) = -3*c + 7. What is the remainder when h(-7) is divided by (-6 - (-56)/7) + 15/3?
0
Let z = -63 - -159. What is the remainder when z is divided by 50?
46
Suppose -1701 = -37*y - 26*y. What is the remainder when 205 is divided by y?
16
Suppose 2*g + 3*y - 27 = 0, 0 = 5*g + 2*y + 1 - 85. Let o be g*(-5)/((-20)/(-6)). Calculate the remainder when 27 is divided by 6/o - 128/(-9).
13
Let j(t) = t**2 + 3*t + 3. Let n = -76 + 79. Suppose 2*d = n*v - 23, -v - 2*d - 16 = -3*v. Calculate the remainder when v is divided by j(-3).
1
Let l = 17 + -14. Suppose 223 = l*k + 4. What is the remainder when k is divided by 15?
13
Suppose 8 = -o - 14. Let x = -5 - o. What is the remainder when 63 is divided by x?
12
Suppose 3*c = -r - 111, 2*r + 3*r = 15. Calculate the remainder when 75 is divided by c/(-3) - (-14)/42.
10
Let h(s) = s**3 - s**2 - 17*s + 1. Calculate the remainder when 158 is divided by h(5).
14
Let j(d) = -d**3 - 2*d**2 - 6. Let q be j(-3). Let p(a) = 5*a. Calculate the remainder when 43 is divided by p(q).
13
Let a be (40/8)/(2/2). Suppose 0*p + a = p. What is the remainder when 110 is divided by ((-448)/(-40))/(2/p)?
26
Let v(p) = -9*p - 377. Let q = -25 - -50. Calculate the remainder when q is divided by v(-43).
5
Let y be (13 + -4 + -5)*1. Suppose -1247 + 350 = -3*t. Suppose s - 507 = -4*s - y*d, -3*s - 5*d = -t. Calculate the remainder when s is divided by 26.
25
Let u = 5 + -2. What is the remainder when u*(2/(-8) - (-2255)/60) is divided by 30?
22
Let v = -2072 - -2420. What is the remainder when v is divided by 10?
8
Suppose 94*q - 91*q - 27 = 0. What is the remainder when 917 is divided by q?
8
Let v(y) = -21*y**2 - y - 2. Let l be v(-2). Let d = -83 - l. What is the remainder when (-16)/(-7) + (-2)/7 is divided by d?
0
Let c = 342 + -315. What is the remainder when 102 is divided by c?
21
Suppose -7*t + t + 48 = 0. Calculate the remainder when 323 is divided by t.
3
Let n(j) = -j**3 + 7*j**2 - 4*j + 1. Let x(o) = 2*o**2 + o + 3. Let b be x(-5). Let w = b - 31. What is the remainder when n(5) is divided by w?
14
Suppose 4*x + 5*h - 24 = 7*x, -4*x = 5*h + 67. Let f = x + 51. Calculate the remainder when f is divided by 21.
17
Let l = -43 + 68. Let z(c) = c**2 + 9*c + 9. Let p = -21 + 12. Calculate the remainder when l is divided by z(p).
7
Let u = -47 + 72. Let k(w) = -w**3 - w**2 + 2*w + 44. What is the remainder when k(0) is divided by u?
19
Let x = -5 + 5. Suppose 0 = f + 2*y - x*y - 17, 3*f + 4*y = 43. Calculate the remainder when 25 is divided by f.
7
Let v = 3116 + -3109. Let x = -21 + 36. What is the remainder when x is divided by v?
1
Let w = 11 + 1. Suppose y = -2*y - w. Let g(d) = -d**3 - 2*d**2 + 5*d + 6. Calculate the remainder when g(y) is divided by 10.
8
Suppose 0 = -76*l - 14266 + 73318. Calculate the remainder when l is divided by 26.
23
Let f(h) = 9*h + 2. Suppose -570 = 26*j